{"id":200,"date":"2017-07-04T15:28:40","date_gmt":"2017-07-04T13:28:40","guid":{"rendered":"http:\/\/www.suc-ag.ch:81\/?page_id=200"},"modified":"2020-10-06T08:50:15","modified_gmt":"2020-10-06T06:50:15","slug":"wir-ueber-uns","status":"publish","type":"page","link":"https:\/\/www.suc-ag.ch\/index.php\/wir-ueber-uns\/","title":{"rendered":"Wir \u00fcber uns"},"content":{"rendered":"<p>Die Gesellschaft wurde im August 1978 durch den jetzigen Firmeninhaber, Kurt Schmutz, gegr\u00fcndet.<\/p>\n<p>W\u00e4hrend \u00fcber drei Jahrzehnten entwickelte die Firma Software-L\u00f6sungen f\u00fcr die Kommunikationsbranche.<\/p>\n<p>Die Programme wurden in verschiedenen grossen, mittleren und kleinen Werbe- und Media-Agenturen installiert.<\/p>\n<p>Seit Januar 2017 bietet sie diverse <a href=\"http:\/\/www.suc-ag.ch\/index.php\/dienstleistungen\/\">Dienstleitungen<\/a> an.<\/p>\n<h3><img loading=\"lazy\" decoding=\"async\" class=\"wp-image-472 size-full alignright\" src=\"https:\/\/www.suc-ag.ch\/wp-content\/uploads\/2018\/01\/Idee_2-e1515505460862.jpg\" alt=\"\" width=\"200\" height=\"73\" \/><\/h3>\n","protected":false},"excerpt":{"rendered":"<p>Die Gesellschaft wurde im August 1978 durch den jetzigen Firmeninhaber, Kurt Schmutz, gegr\u00fcndet. W\u00e4hrend \u00fcber drei Jahrzehnten entwickelte die Firma Software-L\u00f6sungen f\u00fcr die Kommunikationsbranche. Die Programme wurden in verschiedenen grossen, mittleren und kleinen Werbe- und Media-Agenturen installiert. Seit Januar 2017<\/p>\n","protected":false},"author":1,"featured_media":0,"parent":0,"menu_order":0,"comment_status":"closed","ping_status":"closed","template":"","meta":{"footnotes":""},"class_list":["post-200","page","type-page","status-publish","hentry"],"_links":{"self":[{"href":"https:\/\/www.suc-ag.ch\/index.php\/wp-json\/wp\/v2\/pages\/200","targetHints":{"allow":["GET"]}}],"collection":[{"href":"https:\/\/www.suc-ag.ch\/index.php\/wp-json\/wp\/v2\/pages"}],"about":[{"href":"https:\/\/www.suc-ag.ch\/index.php\/wp-json\/wp\/v2\/types\/page"}],"author":[{"embeddable":true,"href":"https:\/\/www.suc-ag.ch\/index.php\/wp-json\/wp\/v2\/users\/1"}],"replies":[{"embeddable":true,"href":"https:\/\/www.suc-ag.ch\/index.php\/wp-json\/wp\/v2\/comments?post=200"}],"version-history":[{"count":7,"href":"https:\/\/www.suc-ag.ch\/index.php\/wp-json\/wp\/v2\/pages\/200\/revisions"}],"predecessor-version":[{"id":524,"href":"https:\/\/www.suc-ag.ch\/index.php\/wp-json\/wp\/v2\/pages\/200\/revisions\/524"}],"wp:attachment":[{"href":"https:\/\/www.suc-ag.ch\/index.php\/wp-json\/wp\/v2\/media?parent=200"}],"curies":[{"name":"wp","href":"https:\/\/api.w.org\/{rel}","templated":true}]}}